*c - 13. Let g(r) = 5*h(r) - 8*l(r). Let z be 3/(-2)*(-2)/1. Determine g(z).
16
Let x = -267 + 275. Let z(m) = -m + 3. Calculate z(x).
-5
Let y(c) = -7*c**2 - c**3 + 9 + c + 0*c**3 + 0*c**3. Suppose -3*w - 63 + 291 = 0. Let b = 69 - w. What is y(b)?
2
Let x(y) = 15*y + 11. Let r(p) = 3*p + 2. Let s = 42 + -46. Let j(i) = s*x(i) + 22*r(i). Give j(3).
18
Let u(i) = -3*i**2 - 6*i - 3. Let x(n) = 2*n**3 - 17*n**2 - 8*n - 12. Let r be x(9). Calculate u(r).
-12
Let g(t) be the first derivative of t**3/3 - t**2/2 - 6*t + 16. Let p(d) = -d**2 + 8*d - 7. Let l be p(6). Determine g(l).
14
Suppose 2*p = -p + 15. Let h(j) be the third derivative of -7*j**4/24 - j**3/6 - j**2. Let y(r) = -4*r - 1. Let x(b) = p*y(b) - 3*h(b). Determine x(5).
3
Let k(h) = -h**3 + 3*h**2 + h + 6. Let f = 87 + -82. Calculate k(f).
-39
Suppose -54 + 36 = -6*r. Let f(c) be the second derivative of 5/6*c**r + 1/6*c**4 + 2*c**2 + 0 + c. Calculate f(-4).
16
Let x(m) = -22*m + m**2 + 59*m + 7 - 32*m. Give x(-6).
13
Let t(k) = 3*k + 2. Let j(y) = -10*y - 5. Let h(p) = 2*j(p) + 7*t(p). Let w(x) = -x**2 + 17*x - 9. Let q be w(17). Let s = -14 - q. Calculate h(s).
-1
Let c be (0/(-2))/(-5) + 3. Let t(k) = k**2 - c*k + 3*k + 0*k**2 - k - 8. Give t(6).
22
Suppose 3*g - 2*u - 31 = -0*g, -u = -g + 11. Let x(b) be the third derivative of b**6/120 - 3*b**5/20 - b**4/24 + 4*b**3/3 - 229*b**2. What is x(g)?
-1
Let g(c) = 8*c**2 - 30*c + 6. Let d(t) = -15*t**2 + 58*t - 13. Let o(x) = -6*d(x) - 11*g(x). What is o(8)?
-4
Suppose 0*d - 3*d - 15 = 0. Let c(v) be the second derivative of v**4/12 + 2*v**3/3 - v**2/2 + 41*v. Calculate c(d).
4
Let x be (-6)/3 - 5*-1. Let l(s) be the third derivative of 0 - 18*s**2 - 1/24*s**4 - 1/3*s**3 + 0*s + 1/60*s**5. Give l(x).
4
Let x = 211 + -215. Let c(z) = -z**3 - 3*z**2 + 2*z + 1. Calculate c(x).
9
Let v(b) = 20*b - 9 - 8*b - 6*b + 0. What is v(2)?
3
Let i be 148/12 - -2*3/(-18). Let o(a) = -a + 4. Calculate o(i).
-8
Suppose 17*w + 47 = 149. Let m(c) = 7*c - 39. Give m(w).
3
Let s(z) = -24*z + 4. Let d(y) = 49*y - 9. Let u(b) = 3*d(b) + 7*s(b). Give u(-1).
22
Let x(c) = -c**2 - 6*c + 10. Let d be (-47)/(2/(1 - -1)). Let g = 40 + d. Determine x(g).
3
Let h = -27 + 23. Let m = h + 8. Let z(x) be the third derivative of x**5/60 - x**4/12 - 2*x**3/3 - x**2. Give z(m).
4
Suppose -77*g + 72*g = -25, -40 = 5*n - 2*g. Let v(l) = 3*l - 6. What is v(n)?
-24
Let q(x) = -13*x**3 - 6*x**3 - 3*x**2 + 20*x**3. Suppose 2 = 5*k - 13. Determine q(k).
0
Suppose -2*y + 24 = 20. Let s(c) = -c**3 - c**2 + 6*c - 3. Calculate s(y).
-3
Let i(s) be the second derivative of 2*s**3/3 - s**2/2 + 20*s - 3. What is i(-1)?
-5
Suppose -4*o = 4 + 4, 0 = 2*p - 4*o - 10. Let l(n) = -5*n**3 - n**2 - n + 3. Let w(d) = 5*d**3 + 2*d**2 + d - 4. Let x(j) = -3*l(j) - 2*w(j). Calculate x(p).
4
Suppose -5*t + 10 = -4*j + 46, 4*j + 3*t = 36. Let m(k) = k**3 - 7*k**2 - 17*k + 2. Calculate m(j).
11
Let c = 1060 + -1059. Let k(x) = 30*x. Give k(c).
30
Let z(w) = w - 3. Suppose -3*x + 3*t = 135, -234 = 5*x - 0*t - 2*t. Let h = -45 - x. Calculate z(h).
0
Let x(m) = m**3 - 2*m**2. Let d(b) be the third derivative of b**6/24 + b**4/12 - b**3/6 + 4*b**2. Let o be d(1). Suppose 5*z - o = 2*z. Give x(z).
0
Let u(h) = h + 7. Let o(z) = 3. Let t(g) = -6*o(g) + 2*u(g). Calculate t(-7).
-18
Let b = 40 + 72. Let q(n) = -6*n + 56 - b + 59. Determine q(2).
-9
Let h = 13 - 18. Let o(q) = 7*q**3 - q**2 + 2*q - 1. Let u(t) = -4*t**3 - t. Let z(f) = h*u(f) - 3*o(f). Suppose 4 = -4*x + 5*x. Calculate z(x).
-17
Let s(y) be the second derivative of y**4/12 + y**3/6 + 2*y**2 + 17*y. Calculate s(5).
34
Let q(n) be the first derivative of n**7/840 - n**6/45 - n**4/12 - 4*n**3/3 - 4. Let c(h) be the third derivative of q(h). Give c(8).
-2
Let p(j) be the second derivative of -j**4/12 - 5*j**3/6 + 3*j**2/2 - j. Suppose 0 = 214*c - 211*c + 12. Give p(c).
7
Let i(l) = 4*l + 44. Let y be i(-10). Let o(c) = c - 4*c + y - 10 + c**2. Determine o(5).
4
Let i(s) = -s**2 - 5*s - 6. Let b = -17 + 26. Suppose b*j + 47 = -16. Give i(j).
-20
Suppose 19 + 17 = -4*r. Let w(z) = 14*z - 6*z - 2*z**2 + 3*z**2 - 2. Calculate w(r).
7
Let u be -1*(-2)/(-1) + 27. Suppose 2*h = 7*h + u. Let o(c) = 13*c + 15. Let j(g) = -7*g - 8. Let a(m) = 5*j(m) + 3*o(m). What is a(h)?
-15
Let q(a) = -4*a**3 + a**2 + a - 2. Let f(k) = -68*k**3 + 6*k**2 + 4*k - 9. Let c(m) = f(m) - 5*q(m). What is c(1)?
-47
Let w(y) be the second derivative of -2*y**3/3 - 7*y**2/2 - 21*y. Let n = -43 - -37. Give w(n).
17
Suppose 4*x - 28 = -u - 3*u, 14 = 2*x - 2*u. Let v(g) = 2*g - 13. Determine v(x).
1
Let s(z) = -4 + 4*z - 21*z + 5*z + 13*z. Let h(o) = 2*o + 3. Let v be h(-3). Calculate s(v).
-7
Let z(f) = 14 - 13 + 48*f**3 - 44*f**3 - 6*f**2 + 4*f**2. Let d = -3 + 6. Let t be (-1 + d)*2/(-4). Give z(t).
-5
Let p(v) be the second derivative of -v**5/20 + 3*v**4/4 - 4*v**3/3 + 3*v**2 + 276*v. Give p(8).
6
Let a = -118 - -131. Let i(k) = k**3 - 21*k + 4*k**2 + a*k + 1 + 0 + 3*k. Calculate i(-5).
1
Let r = 1 + 1. Let i(c) = -6*c + 88. Let x be i(14). Suppose 0 = -2*q - x*l - 16, 0 = -r*q - q + 4*l - 4. Let f(n) = n**3 + 5*n**2 + 4*n + 6. Calculate f(q).
6
Let y(q) be the second derivative of -q**3/6 + 10*q**2 - 50*q - 4. What is y(6)?
14
Let s(f) = f - 47 + 10 - 18*f - 7446*f**3 + 14*f**2 + 7447*f**3. What is s(-15)?
-7
Let i(p) = -6 + 306*p - 4 - 325*p + 0*p**2 + 0 - p**2. What is i(-18)?
8
Suppose 26*i = -20*i - 138. Let z(m) be the second derivative of m**5/20 + m**4/3 - m**3/6 - 2*m**2 - 6*m. What is z(i)?
8
Suppose 0 = -4*j - 20, 2*q + 3*j - 39 = -q. Suppose 5*y = -2*a + q, -5*y + a = -6 - 0. Let t(k) = -5*k + 2*k + 2*k - k**y + 1 - 8*k**3. What is t(1)?
-9
Let k(g) = -2*g**3 - g**2 - 2. Let w = -36 + 45. Suppose 13*o + 17 + w = 0. Determine k(o).
10
Let m(y) be the third derivative of 5*y**4/12 - y**3/6 + y**2. Suppose -3*j + 15 - 3 = 0, -3*j = -4*x - 36. Let a(b) = -4*b - 25. Let s be a(x). What is m(s)?
-11
Let f(n) = -268*n - 537. Let i be f(-2). Let s(x) = 4. Let h(z) = z - 1. Suppose -4 = 5*b + 1. Let u(y) = b*s(y) - 4*h(y). Determine u(i).
4
Let h(j) be the second derivative of -5/12*j**4 + 1/20*j**5 + 0 - 14*j - 2*j**2 - 5/6*j**3. Determine h(6).
2
Let q(s) be the third derivative of -s**5/60 + 5*s**4/24 - s**3/6 - 468*s**2. Suppose -3*f = 27 - 0. Let b = -5 - f. Calculate q(b).
3
Let w(x) = -5*x + 4. Let q(u) = 9*u - 9. Let l(z) = 3*q(z) + 5*w(z). Let b be l(6). Suppose 8*t - b*t = 18. Let c(p) = p**2 - 5*p - 1. Give c(t).
5
Let j(r) = r**3 - 6*r**2 + r - 9. Suppose 7*s - 21*s + 84 = 0. Determine j(s).
-3
Suppose 60 = -45*v + 60*v. Let k(h) = -h**3 + 4*h**2 + 5*h - 8. Calculate k(v).
12
Suppose 0 = -4*l - 2*o + 3*o + 18, -3*o - 14 = -4*l. Suppose u - 2*n - 10 = -7*n, -l*n = -2*u + 20. Let b(z) = -z**3 + 11*z**2 - 9*z - 3. Calculate b(u).
7
Let d(q) = 2*q**2 + 3*q - 3. Let u be d(-3). Let o(l) = -7*l + l**2 - 2 + 3 + 5 - 1. Determine o(u).
-1
Let h(a) = -2210*a**2 - a**3 - 2 + 1099*a**2 + 1117*a**2 - a. Suppose 0 = -i - 2*i + 12. What is h(i)?
26
Let o(h) = 1155*h**2 - 5*h - 1155*h**2 + h**3 - 2 - h. Give o(3).
7
Let q be 4/(-4) + 2/1. Let h(j) = 3*j**3 + 5*j**2 - 2*j + 1. Let r(x) = 2*x**3 + 6*x**2 - 2*x + 1. Let d(m) = 4*h(m) - 3*r(m). Determine d(q).
7
Let q(y) = 4*y + 1. Let r(s) = s**2 - 7*s + 2. Let b be r(6). Let t be -1 + 5 - (b - -14)/5. Determine q(t).
9
Let x(a) be the second derivative of -a**5/20 + a**4/6 - a**3/6 - a**2 + 2*a - 3. Calculate x(2).
-4
Suppose -3*w = 2*w - i - 11, i = 2*w - 5. Let z(v) = -w*v**3 + v**2 + 0*v + v + v**2. Suppose -5*t - 2 = 3. Calculate z(t).
3
Let g be (201 + 2/2)*(-5)/(-10). Let u = -107 + g. Let h(p) = p**2 + 7*p - 8. What is h(u)?
-14
Suppose -d + 3 = -3. Let i(o) = 4*o**2 + 0*o - 3*o**2 + d*o - 1. Suppose 148*z = 130*z - 90. What is i(z)?
-6
Let r(d) = -d**2 + 5*d - 2. Let x(v) = 3*v**2 - 6*v + 15. Let c(h) = -4*h**2 + 5*h - 16. Let p(u) = 5*c(u) + 6*x(u). Let q be p(-6). Calculate r(q).
2
Let u(x) = -x**3 - 6*x**2 - 2*x + 23. Let d(l) = l**3 + 4*l**2 + 2*l - 21. Let m(y) = -6*d(y) - 5*u(y). Determine m(6).
-1
Suppose 0 = 33*c - 42*c + 207. Let a(x) = 2*x - 42. What is a(c)?
4
Suppose 37*f = 33*f - 24. Let r(v) = -7*v - 22. What is r(f)?
20
Let u = 2930 + -2947. Let l(p) = p + 16. Calculate l(u).
-1
Let y(i) = -i**2 - i + 3.